are the prime factors of ((-6)/(-5))/(p/40)?
2
Suppose -484 + 112 = -4*c. What are the prime factors of c?
3, 31
Suppose 1 = 5*a - 339. What are the prime factors of a?
2, 17
Suppose 0*h - 18 = 2*h. Let p = h + 18. List the prime factors of p.
3
Suppose 135 = -4*b + u, -2*b + 0*u - 51 = 5*u. List the prime factors of (-303)/b - (-2)/(-11).
3
Let k be 3*2/12*0. Suppose -2*t + 22 + 18 = k. Suppose 0*u - 4*u + t = 0. List the prime factors of u.
5
Suppose -9*f - 72 = -333. What are the prime factors of f?
29
Suppose -4*h + f + 301 + 562 = 0, 0 = -5*h + 5*f + 1060. List the prime factors of h.
7, 31
Let t(a) = 1 - 1 - 6 - 2*a - 5. Let n be t(-9). Suppose 3 = 2*r - n. List the prime factors of r.
5
Suppose -4*x = -4*z - 7*x - 162, -2*z - 5*x - 88 = 0. Let r(m) = m**3 - m - 4. Let a be r(-3). Let n = a - z. List the prime factors of n.
11
Let i be 1/6 + 94/12. Let u = -2 + i. What are the prime factors of u?
2, 3
Suppose 168 = -5*v - 2*a, 4*v - 2*a + 144 = -6*a. Let m = v + 58. List the prime factors of m.
2, 13
Suppose 4*s + 27 = -5*n - 0*n, -3*s - 2*n - 22 = 0. Let x(y) = -y**3 - 9*y**2 - 7*y + 11. List the prime factors of x(s).
3
Suppose -w = 3*w - j - 144, 0 = 2*j. What are the prime factors of w?
2, 3
Suppose 8 = s + s. Suppose 20 = -2*b + s*b. What are the prime factors of b?
2, 5
Suppose 0 = -7*x - x + 1064. List the prime factors of x.
7, 19
Let h = -2 + 7. Let a = 8 - h. Suppose -2*j + 5*f + 56 = 2*j, 4*j = a*f + 56. List the prime factors of j.
2, 7
Suppose -5*x + 39 = 4*m, -4*m + 2*x + 19 = 1. List the prime factors of ((-12)/8)/(m/(-20)).
5
Suppose 2*k = -3*y + 137, -3*k - 2*k + 4*y + 400 = 0. What are the prime factors of k?
2, 19
Let a(r) = r**2 + 5*r + 1. Let y be a(-2). Let z = 8 + y. List the prime factors of z.
3
Suppose -5*n + 363 = -4*q - 0*q, 0 = -n - 2*q + 67. List the prime factors of n.
71
Let x = 18 - -34. Suppose 3*r - x = 59. List the prime factors of r.
37
Let w(o) = 25*o**2 + 2*o - 1. Let i be w(-2). Suppose -2*a + 7*a = i. What are the prime factors of a?
19
Suppose 0 = 4*b - 6 - 6. Let d = -1 + b. Suppose d*z - 36 = -z. What are the prime factors of z?
2, 3
What are the prime factors of (8/(-6))/(6/(-36))?
2
Let y = 6 + -6. Suppose y*p - p - 21 = 0. What are the prime factors of (-6)/p + (-19)/(-7)?
3
Suppose -w - 12 = -3*w + 4*u, -14 = w + 2*u. Let y = w - -10. Suppose -5*n - 10 + 4 = 4*b, y = 5*n + b. What are the prime factors of n?
2
Suppose -20 = -2*w + 5*p, 2*w + 2*p = -3*p. Suppose 0 = -2*o + w*o + v - 72, 48 = 2*o - 5*v. List the prime factors of o.
2, 3
Let p(i) = i**2 + i + 2. Let g be p(0). Suppose -5*o = -s + 129, -4*o - g*s - 65 = 27. List the prime factors of 45/o*10/(-2).
3
Suppose -10 = -5*n + 15. Let m(c) = -1 - c**2 - 3 + 10*c - 2*c. List the prime factors of m(n).
11
Suppose -4*s = -2*s - 50. List the prime factors of s.
5
What are the prime factors of 3 - 8/(16/(-70))?
2, 19
Let i(c) = -c**2 + 10*c - 11. Suppose 5 = 2*x - 4*h - 23, -3*h = 9. What are the prime factors of i(x)?
5
Let a = 3 + 1. Let x = a + -4. Suppose -3*o = -w - x*o + 15, 0 = -3*w - 4*o + 32. List the prime factors of w.
2, 3
Let s(w) = -w + 10. Let i be s(7). List the prime factors of (-2)/i + (-46)/(-6).
7
Suppose x + 3*x = 0. Suppose x = m + 1 + 20. What are the prime factors of ((-18)/m)/((-2)/(-14))?
2, 3
Suppose 7*c - 14 = 5*c. Let j(z) = -z + 1 + 0 + 9. List the prime factors of j(c).
3
Suppose p = 4*u - 29, 7*u - 2*u + 2*p = 33. Suppose 0 = -w - 2 + u. What are the prime factors of w?
5
Suppose -i - 4*i = -70. List the prime factors of i.
2, 7
Let h(c) = c**3 + 4*c**2 + 2. Suppose 3 = -3*o - 9. What are the prime factors of h(o)?
2
List the prime factors of (-10)/(-25) + 1149/15.
7, 11
Suppose n + 64 = 3*n. What are the prime factors of n?
2
What are the prime factors of (-837)/(-54)*(-4)/(-2)?
31
Let v = -5 + 1. Let d = 4 - v. What are the prime factors of d?
2
Suppose 2124 = -3*t + 15*t. What are the prime factors of t?
3, 59
Let i be 2/5 + 138/30. Suppose -i*v = -16 - 64. What are the prime factors of v?
2
Let i(a) = a**3 + 15*a**2 + 7*a - 37. What are the prime factors of i(-11)?
2, 5, 37
Let u = 93 + -22. List the prime factors of u.
71
Let n(l) = -l**3 - 5*l**2 + 5*l - 2. Let r be n(-6). Let m = 1 + r. Suppose -o - m = -2*o. List the prime factors of o.
5
Let u = 46 + -20. Let i = u + -19. What are the prime factors of i?
7
Let g(u) = -14*u + 1. List the prime factors of g(-1).
3, 5
Let k(j) = 8*j - 34. List the prime factors of k(6).
2, 7
Let a = 46 - 22. Suppose 5*k - 226 = -21. Let i = k - a. List the prime factors of i.
17
Suppose 0*c = c - 8. Suppose d - c - 28 = 5*h, d = -4. Let m = 25 + h. List the prime factors of m.
17
Let j(m) = -m**2 + 5*m + 5. Let p be j(5). Let f = -5 + p. Suppose -2*k + 13 - 5 = f. What are the prime factors of k?
2
Suppose 0 = 8*f - 5*f + 24. What are the prime factors of -5 + 3 + 2 - f?
2
Let l(q) = -q + 1. Let g be l(2). Let s be (4/12)/(g/(-3)). What are the prime factors of (5 - s) + -1 - 0?
3
Let p(s) = 3*s - 8*s - 3*s - 5 - s**2. List the prime factors of p(-7).
2
Let o(q) be the first derivative of q**3/3 + q**2 - 4*q + 2. Let r be o(-4). Suppose -4*d + 36 = -r*m, 2*m + 34 = 7*d - 3*d. What are the prime factors of d?
2
Let s(a) = 3*a + 3. Let l(b) = b + 1. Let x(j) = -4*l(j) + 2*s(j). Let q be x(8). Suppose w = -w + q. What are the prime factors of w?
3
Suppose -4*f + 0*f - 24 = 0. Let j = -2 - f. Suppose 5 = v, -n + j*n + 1 = 5*v. What are the prime factors of n?
2
Suppose -4*h = -5*m - 29 + 219, 5*m - 165 = -h. Let j = -20 + m. What are the prime factors of j?
2, 7
Suppose 2*r = 5*r + 141. Let x = -34 - r. What are the prime factors of x?
13
Suppose -152 = 10*p - 8*p. Let a = -52 - p. What are the prime factors of a?
2, 3
List the prime factors of ((-5)/(-2))/((-2)/(-4)).
5
List the prime factors of -2*((-65)/2 - 3).
71
Let r(q) = -3*q**3 - 3*q**2 - 4*q - 2. Suppose 1 = b + 3. List the prime factors of r(b).
2, 3
Let y(n) be the second derivative of n**4/12 + n**3/3 + n**2/2 - 2*n. Let t(x) = x**2 + 3*x - 3. Let v be t(-3). List the prime factors of y(v).
2
Let v = -4 + 3. Let q = 5 - v. List the prime factors of q.
2, 3
Suppose -r + 118 = w, -483 = -3*r + w - 129. What are the prime factors of r?
2, 59
Suppose -g + 12 = 2*m - 2, -3*m - g = -21. Let o = 22 - m. What are the prime factors of o?
3, 5
Let m = -2 + 5. Suppose -54 = -2*a - m*s, -4*a + s = 3*s - 124. List the prime factors of a.
3, 11
Let c(q) = -q**2 - 5*q + 4. Let p be c(-5). Let u be (-21)/(-21)*-1*2. Let l = p + u. What are the prime factors of l?
2
Let m(s) = -s**2 - 7*s - 2. Let p(i) = -i**2 + 2*i + 2. Let u be p(-2). List the prime factors of m(u).
2
Suppose 0 = -2*d - 5*a + 31, 3*a - a - 10 = 0. Suppose 5*k - 85 = -0*k. Suppose -d*v + k = -4. What are the prime factors of v?
7
Let y be ((-3)/(-6))/((-1)/(-6)). Let a(h) = 2*h**2 - 5*h + 3. Let o be a(y). Suppose 0 = -i - 2 + o. What are the prime factors of i?
2
Suppose -3*o + 7 + 5 = 0. Let q(y) = -y**3 + y**2 - y - 1. Let i(d) = 5*d**3 + 5*d + 4. Let g(p) = o*q(p) + i(p). What are the prime factors of g(-2)?
2, 3
Let c be 0/(-3) - (-6)/1. Suppose 2*k - c = 8. List the prime factors of k.
7
Let t = -29 + 11. Let p be (1 - 0)*(-5 - -4). List the prime factors of p + 5/((-5)/t).
17
Suppose 0 = 11*h - 7*h + 16. Let y(u) = u**2 + u - 7. List the prime factors of y(h).
5
Suppose -6*c - 56 + 422 = 0. What are the prime factors of c?
61
Suppose 0 = -5*l - 99 - 66. Let g = -11 - l. List the prime factors of g.
2, 11
Let y(v) = 10*v - 1. Let r(x) = x + 1. Suppose 0 = 5*j - 10*j. Let n be r(j). List the prime factors of y(n).
3
Let q(d) = 4*d - 1. Let h be q(1). Suppose 4*s - h*s - 3 = 0. Suppose 3*m - 12 = -0*i - 4*i, -i = s*m - 12. List the prime factors of m.
2
Suppose 6*p + p = 203. List the prime factors of p.
29
Suppose 5*q = -0*q - 4*c + 10, 3*q = -c - 1. List the prime factors of 1/(q/(-46)) + 2.
5
Suppose -4*r = -2*u - 16, -4*u - 13 = -2*r + 7. What are the prime factors of r?
2
Suppose 48 = -2*o - 2*q - 2*q, 2*o + q + 45 = 0. List the prime factors of 8/(-44) - 114/o.
5
Let g = 10 + -7. Suppose g = 4*w - 3*w. List the prime factors of w.
3
Let v(z) = z**2 + 5*z + 4. Let h be v(5). Let p = h - 11. What are the prime factors of p?
43
Let q(l) = -2*l + l**